uppose 4*k + 2*x - v = 0, 2*x = -0*k + k + 6. What is the units digit of k?
4
Let n = -48 + 30. Let f = 9 + n. Let v = -1 - f. What is the units digit of v?
8
Suppose -f - 10 = 82. What is the tens digit of ((-6)/(-2))/((-6)/f)?
4
Let n(k) = 2*k**2 + 3*k + 3. Let u(a) = a**2 + 6*a - 4. Let z be u(-7). Let y be n(z). Suppose 0 = 4*x - 78 + y. What is the tens digit of x?
1
Let g be (-2)/(-11) - 68/11. Let t = -3 - g. What is the units digit of (t - 5)/((-2)/5)?
5
Let g = 123 - 88. What is the tens digit of g?
3
Let s = 29 + -16. Suppose -2*x - 5 = -s. What is the units digit of x?
4
Suppose -3*v = -5*p + 74, 6*p - 4*p - 4*v - 38 = 0. What is the tens digit of p?
1
Suppose 2*g = 2, -9*x + 124 = -4*x - g. Let p be (-2)/6 + (-44)/3. Let c = p + x. What is the units digit of c?
0
Suppose -5 = -2*v - 1. Suppose w + 0*w + x = v, 4*x = w - 12. What is the units digit of w?
4
Suppose 5*j = 34 + 86. What is the units digit of j?
4
Suppose 3*a + 4 - 17 = -4*c, c - 13 = -4*a. Suppose -33 = -a*f - 0*f. What is the tens digit of f?
1
Suppose 3*c - 120 = -c. What is the units digit of c?
0
Let o(l) = 33*l - 2. What is the tens digit of o(3)?
9
Suppose -3*i + 114 = 5*f, -4*i - 6 = 2. What is the units digit of f?
4
Let y(n) = n**3 - n**2 - n - 6. Let m be y(0). What is the tens digit of (-2)/(-12) - 119/m?
2
Suppose 40 = -2*u + 7*u. What is the units digit of u?
8
Let u(v) = v**2 + v - 1. Let q(w) = 2*w**2 + 6*w - 9. Let x(b) = -q(b) + u(b). Let y be x(-6). What is the units digit of ((-13)/y - -2)*-2?
9
Suppose -3 = -2*m + 5*y - 9, -6 = -2*m - y. Suppose -m*x = -3*x + 42. What is the units digit of x?
2
Let p(z) = z**3 - z**2 - z - 6. Let o be p(0). What is the units digit of (o/10)/(4/(-100))?
5
Let v(b) = b + 19. What is the units digit of v(-13)?
6
Suppose -5*o = 3*o - 1768. What is the units digit of o?
1
Suppose 4*x + 28 - 8 = 2*p, 3*p + 5*x = -14. Suppose -11 = p*g - 3*i - 6, 2*i = -5*g + 35. What is the units digit of g?
5
Let g(u) = 40*u**2 + u + 2. What is the tens digit of g(-1)?
4
Suppose -4*o + 553 = -3*y, 280 = 2*o - 2*y + 4*y. Suppose 4*l = 6*t - 3*t - 94, 5*l = -3*t + o. What is the tens digit of t?
3
Suppose 73*q - 74*q + 56 = 0. What is the units digit of q?
6
Suppose 14 = 5*x - 16. Suppose -3*k + x = 3*h, k + 1 = 2*h - 3. Suppose -h = s - 2*l - 1, 2*s = -l + 23. What is the units digit of s?
9
Let s(h) = -h**2 + 7*h - 4*h**2 + 3*h + 6 + 4*h**2. What is the units digit of s(10)?
6
Suppose -w + 6 = -c, -2*c - 20 = c - 4*w. Let u = c - -4. Suppose u = q - 11 - 2. What is the units digit of q?
3
Suppose 4*h - 8*h = j - 21, 2*h + 4*j = 28. Suppose -4 = -4*b, 2*b - 3*b = -h*p + 39. What is the units digit of p?
0
Let f = -3 - -3. Suppose -3*v + 0*v + 6 = f. Suppose 3*t + v*t = 40. What is the units digit of t?
8
Suppose -1 = -u + 10. Let n = u + -7. Suppose -5*a + k + 75 = 0, -a - 5*k = n*a - 45. What is the units digit of a?
4
Let b be 9/(3*(-4)/(-12)). Suppose -3*u + 4*g = -84, u = 5*g + 26 - b. What is the units digit of u?
2
Suppose -3*d = -0*d. Suppose -5*k - 20 = -10*k. Suppose d = 4*y + 2*h - 16, 24 = 2*y - 7*h + k*h. What is the units digit of y?
6
Suppose 5 - 3 = v. Suppose p - v*r + 3*r = -2, 2 = 3*p + r. Suppose p = 4*d - 22. What is the units digit of d?
6
Suppose -12*o + 594 + 3354 = 0. What is the hundreds digit of o?
3
Let b(h) be the second derivative of h**4/12 - h**3/6 - h**2/2 + 3*h. Let k be b(-2). Suppose -k*w = 2*l - 40, 2 = 5*w + 4*l - 48. What is the units digit of w?
6
Let h = 32 - 19. Suppose -16 = -4*n + l, -3*l + h = 5*n - 6*l. What is the units digit of n?
5
Let i(b) be the second derivative of -b**4/12 - 4*b**3/3 - 2*b**2 - b. Let z(j) = j**2 - 9*j - 5. Let a be z(9). What is the tens digit of i(a)?
1
Let d = -4 + 7. Suppose -3*z = -2*y + 19, d*y - 2*z - 9 = 7. What is the units digit of y?
2
Let h(o) = -4*o**3 - o**2 + 2*o + 3. Let j(d) = -3*d**3 + d + 2. Let i(u) = 4*h(u) - 5*j(u). What is the tens digit of i(-5)?
1
Let z(s) = -5*s**3 - 4*s - 2. Let b(f) = f**3 + f**2 + f. Let m(t) = -4*b(t) - z(t). What is the units digit of m(4)?
2
Let a = 7 - 1. Let k = a - 10. Let o(m) = -m**3 - 2*m**2 + 4*m - 4. What is the tens digit of o(k)?
1
Let l(x) be the third derivative of x**6/120 - x**5/15 + x**4/24 - x**3/2 - 3*x**2. Let k be l(4). What is the units digit of -3*k/(-3)*1?
1
Let u be 1 + -2 - -1 - -2. Let h(g) = g**3 - g**u + 4 - 4*g - 4. What is the units digit of h(3)?
6
Suppose 0 = -3*h + 88 + 389. What is the hundreds digit of h?
1
Let s be (-91)/(-5) + (-4)/(-5). Let l = 67 - s. What is the units digit of l?
8
Suppose 0 = 2*q + 3*q. Suppose q = -y + 2, x + x = y + 30. What is the tens digit of x?
1
Let z(a) = 8*a - 7. Let i be z(5). Let p be 4/22 - (5 + (-1710)/33). Let j = p - i. What is the tens digit of j?
1
Let o be 8/20 - 176/(-10). What is the tens digit of (-12)/o*54/(-3)?
1
Let f be 102/27 - (-4)/18. Suppose f*v - 2*r - 104 = 0, v = -0*r + r + 24. What is the tens digit of v?
2
Let r(a) = a**3 + 5*a**2 + 5*a - 1. Let c be r(-4). Let f(t) be the third derivative of -t**4/12 - t**3/6 + 3*t**2. What is the units digit of f(c)?
9
Suppose -5*r = -3*k - 205, 5*k + 30 = -4*r + 157. What is the tens digit of r?
3
Let n(u) = 3*u - 2*u - 5 + 4 - 4*u. Let q be n(-3). Suppose -45 = -q*t + 3*t. What is the units digit of t?
9
Suppose -2*c - n + 11 = -0*c, -2*c + 14 = -2*n. What is the units digit of c?
6
Let j(o) be the third derivative of o**5/10 - o**4/24 - 2*o**2. Let x be j(-1). Suppose 5*a = q + 10, x*q - 2*q - 4 = -2*a. What is the units digit of a?
2
Let r(x) = x - 1. Let h be r(3). What is the units digit of 1*(3 + -4 + h)?
1
Let g be (-2)/3 - (-2)/3. Suppose -3*b + 0*b + 15 = g. Suppose -l - 3*w = -16, 2*l + b*w - 21 = 7. What is the units digit of l?
4
Let p(b) = 4*b + 1. Let k(n) = -9*n - 2. Let d(t) = -6*k(t) - 15*p(t). What is the tens digit of d(-4)?
2
Suppose 0*p + q = -4*p + 192, -p + 3*q + 61 = 0. What is the tens digit of p?
4
Let t(w) = 2*w - 3. Suppose 12 = -0*h + 4*h. What is the units digit of t(h)?
3
Let x be (-4)/6 + 8/3. Suppose x*o + 2*o + 2*k = 16, -4*o - k = -16. Suppose -5*s - w = -28, 0*s - 4*w - 8 = -o*s. What is the units digit of s?
5
Let n(k) = -k + 5. Let b be n(5). What is the tens digit of -23*(-4 - (-3 - b))?
2
Let g(j) = 25*j**2 - j + 1. Let q be g(1). Suppose 2*w + m - q = -6, -5*m - 15 = 0. What is the tens digit of w?
1
Let a(u) = 2*u**2 - u + 1. Let k be a(1). Suppose 0 = -k*y - 2*y. Suppose 3*v + 23 = 2*t, -t = -y*t - 5*v - 15. What is the units digit of t?
0
What is the hundreds digit of (-285)/10*(-28)/6*1?
1
Let w = -23 + 69. What is the tens digit of w?
4
Suppose 5*r - 3*y + 7*y = -136, -2*r + 2*y = 58. What is the tens digit of ((-104)/14)/(8/r)?
2
Let a(u) = u**3 + 8*u**2 + 2*u + 12. Let d be a(-6). Suppose p - 2*p - 4*c + 6 = 0, -2*p + 4*c = -d. What is the tens digit of p?
2
Suppose -5*u = -4*t + 30, -2 - 6 = 4*u. Let x = -3 + t. Suppose -k = -2*r, r - 18 = x*r - 5*k. What is the units digit of r?
2
Let h = -22 - -10. Suppose -4*p - 8 + 44 = 0. What is the units digit of h*(-3 - (-24)/p)?
4
Let s = -7 + 7. Suppose s = -4*r + 1 + 35. What is the units digit of r?
9
Suppose -3*a = -2 - 4. Suppose -a*k = 3*k. Suppose s - f - 12 = k, -2*f - f = -12. What is the tens digit of s?
1
Let d(m) = m**3 - 7*m**2 + 5*m + 2. Let t be d(6). Let p = 7 + t. Suppose -p*l = -2*l - 4. What is the units digit of l?
4
Let x(m) = -2*m + 12. Let n be x(14). Let j = n + 26. What is the tens digit of j?
1
What is the tens digit of (-7)/(14/(-4)) - -24?
2
Suppose -4*o = z - 40, -3*z - 3 = -2*o + 3. Suppose -2*a - 4*f = -38, -a - 5*f = -o - 1. What is the tens digit of a?
2
Suppose 3*k - 3*y = 9, 2*k + 5*y - 15 = k. Suppose k*f - 27 = -2*d, d + 0*f + 14 = 3*f. Suppose 0*h + 4*s = h - 6, s + d = 0. What is the units digit of h?
2
Suppose -4 = -3*l + 11. Suppose -5*o + 0*o = y - 124, -5*o + l*y = -100. What is the units digit of o?
4
Let y = 10 - -1. What is the tens digit of y?
1
Let a = 0 - 2. Let g = -3 - a. Let m(h) = -4*h**3 - h**2. What is the units digit of m(g)?
3
Let l = -10 - -13. Let z be 0/(-3)*(-1)/(-2). Suppose z = l*w - 6, -3*d - 3*w = 2*w - 34. What is the units digit of d?
8
Suppose a - 2*g = 13, -2*a + 3*g + 9 = -12. Suppose -u + 72 = -a*c, c + 2*u + 14 = -u. Let r = c - -3